352?
2
What is the units digit of 199888?
8
What is the ten thousands digit of 88590?
8
What is the tens digit of 963005?
0
What is the ten thousands digit of 1872634?
7
What is the thousands digit of 15063505?
3
What is the units digit of 449200?
0
What is the ten thousands digit of 2143479?
4
What is the units digit of 8055322?
2
What is the tens digit of 4169865?
6
What is the hundred thousands digit of 523722?
5
What is the ten thousands digit of 133456?
3
What is the hundreds digit of 990892?
8
What is the tens digit of 2174389?
8
What is the hundreds digit of 631618?
6
What is the thousands digit of 2220704?
0
What is the tens digit of 44435?
3
What is the hundreds digit of 663805?
8
What is the hundred thousands digit of 671529?
6
What is the units digit of 406687?
7
What is the ten thousands digit of 1122677?
2
What is the ten thousands digit of 32538?
3
What is the tens digit of 150485?
8
What is the tens digit of 4546607?
0
What is the tens digit of 3405431?
3
What is the ten thousands digit of 126126?
2
What is the ten thousands digit of 110960?
1
What is the thousands digit of 24014781?
4
What is the millions digit of 13425588?
3
What is the hundreds digit of 3285355?
3
What is the thousands digit of 218834?
8
What is the thousands digit of 431930?
1
What is the hundreds digit of 18851578?
5
What is the tens digit of 388705?
0
What is the ten thousands digit of 4543221?
4
What is the ten thousands digit of 3371763?
7
What is the hundred thousands digit of 162156?
1
What is the tens digit of 814559?
5
What is the hundred thousands digit of 12139244?
1
What is the millions digit of 21445226?
1
What is the ten thousands digit of 158598?
5
What is the units digit of 1562209?
9
What is the hundred thousands digit of 2200101?
2
What is the hundreds digit of 110793?
7
What is the tens digit of 583289?
8
What is the hundreds digit of 2796453?
4
What is the hundreds digit of 11290321?
3
What is the hundred thousands digit of 5953666?
9
What is the tens digit of 573984?
8
What is the ten thousands digit of 2804154?
0
What is the tens digit of 19700702?
0
What is the ten thousands digit of 6127683?
2
What is the thousands digit of 3429900?
9
What is the thousands digit of 243966?
3
What is the thousands digit of 486735?
6
What is the ten thousands digit of 724368?
2
What is the hundreds digit of 4827900?
9
What is the tens digit of 5075892?
9
What is the tens digit of 28296678?
7
What is the tens digit of 1082587?
8
What is the ten thousands digit of 204943?
0
What is the millions digit of 3625831?
3
What is the units digit of 81419?
9
What is the ten thousands digit of 442938?
4
What is the hundred thousands digit of 1894383?
8
What is the ten thousands digit of 180944?
8
What is the units digit of 106336?
6
What is the tens digit of 216967?
6
What is the hundred thousands digit of 5822394?
8
What is the ten thousands digit of 3796570?
9
What is the tens digit of 2905471?
7
What is the thousands digit of 81405?
1
What is the tens digit of 17947046?
4
What is the units digit of 109054?
4
What is the tens digit of 152300?
0
What is the millions digit of 2670894?
2
What is the hundred thousands digit of 1324222?
3
What is the units digit of 450634?
4
What is the millions digit of 1707891?
1
What is the thousands digit of 393859?
3
What is the tens digit of 6257?
5
What is the units digit of 7454840?
0
What is the hundred thousands digit of 138591?
1
What is the hundreds digit of 15251694?
6
What is the units digit of 20799221?
1
What is the tens digit of 3261642?
4
What is the thousands digit of 168913?
8
What is the ten thousands digit of 16833067?
3
What is the tens digit of 682371?
7
What is the hundreds digit of 12460790?
7
What is the hundred thousands digit of 517239?
5
What is the ten thousands digit of 362515?
6
What is the hundreds digit of 1959049?
0
What is the units digit of 1814617?
7
What is the hundreds digit of 294626?
6
What is the hundred thousands digit of 7683922?
6
What is the thousands digit of 1288395?
8
What is the tens digit of 19564852?
5
What is the tens digit of 1666259?
5
What is the thousands digit of 2178231?
8
What is the thousands digit of 491113?
1
What is the thousands digit of 213390?
3
What is the hundred thousands digit of 9901799?
9
What is the units digit of 5655874?
4
What is the ten thousands digit of 3908616?
0
What is the units digit of 1210784?
4
What is the thousands digit of 367860?
7
What is the hundred thousands digit of 17431290?
4
What is the units digit of 877796?
6
What is the tens digit of 3867950?
5
What is the hundreds digit of 1869668?
6
What is the units digit of 750021?
1
What is the hundred thousands digit of 163101?
1
What is the hundreds digit of 156138?
1
What is the hundred thousands digit of 1093936?
0
What is the millions digit of 18591271?
8
What is the tens digit of 763223?
2
What is the millions digit of 9897319?
9
What is the thousands digit of 682315?
2
What is the hundreds digit of 9236437?
4
What is the tens digit of 15462060?
6
What is the hundreds digit of 1772466?
4
What is the hundred thousands digit of 3319612?
3
What is the hundred thousands digit of 6293411?
2
What is the hundred thousands digit of 5216705?
2
What is the units digit of 2026909?
9
What is the ten thousands digit of 56137?
5
What is the ten thousands digit of 1859473?
5
What is the hundreds digit of 387726?
7
What is the thousands digit of 37170?
7
What is the hundred thousands digit of 203511?
2
What is the hundreds digit of 599769?
7
What is the units digit of 3461772?
2
What is the millions digit of 2788681?
2
What is the tens digit of 383769?
6
What is the tens digit of 79699?
9
What is the hundred thousands digit of 921334?
9
What is the hundred thousands digit of 132418?
1
What is the units digit of 24953?
3
What is the tens digit of 1808957?
5
What is the units digit of 3055310?
0
What is the tens digit of 1001293?
9
What is the thousands digit of 247977?
7
What is the units digit of 208035?
5
What is the ten thousands digit of 3710292?
1
What is the tens digit of 452373?
7
What is the thousands digit of 711879?
1
What is the hundred thousands digit of 334525?
3
What is the ten thousands digit of 4667004?
6
What is the tens digit of 625581?
8
What is the hundred thousands digit of 2793918?
7
What is the hundred thousands digit of 701218?
7
What is the hundreds digit of 416724?
7
What is the tens digit of 7744553?
5
What is the thousands digit of 3216344?
6
What is the millions digit of 2077321?
2
What is the units digit of 14614356?
6
What is the hundreds digit of 840232?
2
What is the ten thousands digit of 126973?
2
What is the hundred thousands digit of 2946870?
9
What is the hundreds digit of 47124?
1
What is the hundreds digit of 96316?
3
What is the hundreds digit of 23042336?
3
What is the hundreds digit of 865936?
9
What is the ten thousands digit of 802824?
0
What is the thousands digit of 237564?
7
What is the units digit of 11568688?
8
What is the tens digit of 6712?
1
What is the hundred thousands digit of 843087?
8
What is the thousands digit of 10518334?
8
What is the hundred thousands digit of 35225353?
2
What is the millions digit of 1787621?
1
What is the tens digit of 389069?
6
What is the hundreds digit of 420915?
9
What is the tens digit of 670878?
7
What is the ten thousands digit of 91133?
9
What is the hundred thousands digit of 522944?
5
What is the thousands digit of 4305486?
5
What is the hundreds digit of 2060213?
2
What is the hundred thousands digit of 212614?
2
What is the tens digit of 450442?
4
What is the ten thousands digit of 107712?
0
What is the hundreds digit of 3833444?
4
What is the units digit of 12747150?
0
What is the ten thousands digit of 393125?
9
What is the hundred thousands digit of 455428?
4
What is the hundred thousands digit of 18685270?
6
What is the thousands digit of 157183?
7
What is the hundreds digit of 539583?
5
What is the tens digit of 7312919?
1
What is the tens digit of 5034032?
3
What is the hundred thousands digit of 111261?
1
What is the ten thousands digit of 265189?
6
What is the millions digit of 10668295?
0
What is the millions digit of 3709875?
3
What is the units digit of 5252929?
9
What is the ten thousands digit of 2